 = 3*c - 20, 3*c - 15 = -w*z. What is the units digit of c?
5
Let b(s) = -s**3 + 12*s**2 - 10*s - 6. Let o be b(11). Let t = 9 - o. What is the units digit of t?
4
Suppose 7*x + 0*x = 84. What is the units digit of x?
2
Suppose 5*w = 5*f + 80, -4*w + f = -0*w - 79. What is the units digit of w?
1
Let h = -1 + 1. Suppose l - 1 + 0 = -5*o, 4*o + 16 = h. Let i = 39 - l. What is the units digit of i?
8
Let i(m) = -m**3 + 4*m**2 + 3*m + 9. What is the tens digit of i(-3)?
6
Let c(z) = -z**3 - 2*z**2. Let s = -1 + -1. Let q be c(s). Let a = q - -4. What is the units digit of a?
4
Let r = -41 - -22. Let c = r + 35. What is the units digit of c?
6
Suppose 5*g - 3*a - 295 = 0, -59 = -g - 2*a + 4*a. What is the units digit of g?
9
Let y be (-84)/(-8) - 1/2. Let j be (-1 + 71)*4/y. Let z = 40 - j. What is the tens digit of z?
1
Suppose -3*k - 12 = k. Let g = k + 2. What is the units digit of 6 + -2*(-1)/g?
4
Let l = -6 + 6. Suppose p - 2 = -l*p. Suppose 2*j + 3*t = 7 + 10, p*t = -j + 11. What is the units digit of j?
1
Suppose 0 = 2*m - 19 - 5. Let p be (-26)/(-8) - 2/8. Suppose m = 3*f + p. What is the units digit of f?
3
Suppose -4*r + 10 = x, -4*r - 7*x = -2*x - 2. Let q be ((-6)/(-2))/((-6)/(-4)). Suppose q = z - r. What is the units digit of z?
5
Let d(o) = o**3 - 3*o**2 - o + 2. Let z(m) = 6*m**2 - 2*m. Let s be z(1). What is the units digit of d(s)?
4
Suppose 0 = -5*l + l + 80. What is the tens digit of l?
2
Suppose -4*y + 15 = -49. What is the tens digit of y?
1
Suppose 2*f - 1 = 4*n - 91, -f + 95 = 5*n. What is the tens digit of n?
2
Let d(j) = -j + 6. Let t be d(4). Suppose 24 = -0*q + t*q. What is the units digit of q?
2
Let p(c) = 9*c**2 + 5*c + 2. What is the units digit of p(-3)?
8
Let p(y) = 2*y - 2. Let h(s) = s**2 - 4*s + 2. Let i be h(4). Let a be p(i). What is the units digit of ((8*1)/2)/a?
2
What is the units digit of (-219)/(-45) + (-14)/(-105)?
5
Let t = 56 - 29. What is the tens digit of t?
2
Let x = -12 - -55. What is the tens digit of x?
4
Suppose -3*b - f = -90, -2*b + 3*b = -3*f + 30. What is the tens digit of b?
3
Let q(d) = -d**2 - 3*d + 2. Let y be q(-4). Let x be (-90)/(-25) + y/(-5). Suppose 0 = 3*o + 1 - x. What is the units digit of o?
1
Let a = 12 - -2. What is the tens digit of a?
1
Suppose -q + 10 = q. Suppose -3*d + q*i - 9 = 5, 2*d + 6 = 4*i. Let j = d - -20. What is the units digit of j?
7
Let d(y) = 18*y - 4. Let u be 4*1 - (6 - 7). Let f be d(u). Suppose 0 = 5*g - i - f, 32 = -0*g + 2*g - i. What is the units digit of g?
8
Suppose -u = -5*u + 572. What is the tens digit of u?
4
Let y = 39 - -29. What is the units digit of y?
8
Suppose -3*b = -5*c + 235 + 80, -b - 63 = -c. What is the units digit of c?
3
Suppose 4*q - 151 = -3*f, -5*f = -4*f - 2*q - 37. What is the units digit of f?
5
Suppose -d = 5*t - 4*d - 52, -t + 16 = -2*d. What is the units digit of 2*1/t*4?
1
Let p be (-21)/(-7) + (0 - 1). Suppose 0 = -j - 8 - p. Let f = -5 - j. What is the units digit of f?
5
Let h(k) = k**3 - 6*k**2 + 7*k - 6. Let l = -7 + 12. Let i be h(l). Suppose i*u - 2 = 2. What is the units digit of u?
1
Let u = -46 + 81. What is the units digit of u?
5
Let c(d) = d**3 - d**2 + 2*d - 1. Let n be c(2). Suppose 0 = 3*j + 2 + n. Let a = j + 4. What is the units digit of a?
1
Suppose -l + 5*f - 19 = -0*l, 0 = -2*l + 4*f - 14. What is the units digit of l?
1
Suppose -25 = -7*l + 12*l. Let u(j) = -5*j - 5. What is the units digit of u(l)?
0
Let s(x) = -x**3 + 3*x**2 - x - 3*x + 2*x + 5 - x. What is the units digit of s(2)?
3
Let l(s) = 155*s + 16. What is the units digit of l(1)?
1
Suppose f - 10*f = 63. Let b = -23 + 9. Let k = f - b. What is the units digit of k?
7
Suppose 2*c - 15 = c. Suppose -3*u + c = 2*a + a, 0 = 3*u + 9. What is the units digit of a?
8
Suppose 5*a + 4*n = -0*n + 23, 5*a - 25 = -5*n. Suppose 4*j - 5 = -a*y, -3*j - 4*y = 2*j - 5. What is the units digit of j?
5
Let j(n) = -n - 2. Let k(d) = -d - 1. Let q(p) = j(p) - 2*k(p). Suppose 4*i = 11 + 13. What is the units digit of q(i)?
6
Let a(s) be the third derivative of s**5/60 + 5*s**4/24 - s**3/6 - 2*s**2. What is the units digit of a(-6)?
5
Let u be 1 + ((-12)/2)/(-1). Suppose -f - u*g + 17 = -12*g, -2*f + g + 16 = 0. Suppose -3*y = -22 + f. What is the units digit of y?
5
Suppose -z - 3*z = -60. Let b be 3/z + (-14)/(-5). Suppose -b*s - p + 2 = 0, -2*p - 2*p - 8 = -4*s. What is the units digit of s?
1
Let n = -17 - -16. Let m = 17 - n. What is the units digit of m?
8
Let o(k) = -2*k - 8. Let n be (-8)/(-5) - (-4)/10. Suppose n*q + 17 = 5. What is the units digit of o(q)?
4
Let o be 4/(-18) - 164/(-9). Suppose -o = -4*w + w. Let b(n) = n**3 - 7*n**2 + 7*n - 1. What is the units digit of b(w)?
5
Suppose c = -o + 70, o - 63 = -2*c + 4. Suppose -2*k + 0*h - h + o = 0, 2*k - 77 = -5*h. What is the tens digit of k?
3
Let w be 20/15 + 2/(-6). Let f = w - 4. Let d = 4 + f. What is the units digit of d?
1
Suppose 24*a = 20*a + 76. What is the tens digit of a?
1
What is the units digit of 18/12 - (-98)/4?
6
Let w(u) = 2*u**2 - u + 3. What is the tens digit of w(4)?
3
Let w(j) = 3*j**2 + 5*j + 9. Let z(a) = 5*a**2 + 7*a + 14. Let m(y) = 8*w(y) - 5*z(y). What is the units digit of m(4)?
6
Suppose 42 = 2*v - 2*w, 4*v - 4*w - 69 = -3*w. What is the units digit of v?
6
Suppose 5*d - 3*n - 2*n - 75 = 0, -d - n + 7 = 0. Let i = d + -7. Suppose -2*z + i*z = 18. What is the units digit of z?
9
Suppose -23 = 3*y + 5*x, 3*x + 2 = -y + 7*x. Let d = y - -14. What is the units digit of d?
8
Suppose 0 = -2*c - 10 - 14. Let g be (-8)/c + (-10)/(-3). Suppose 0*w = -4*w + g. What is the units digit of w?
1
Suppose -2*u = -2*h - 54, -3*u = 5*h + 43 - 140. Let j = 56 - u. What is the tens digit of j?
2
Let n be (-2)/(-1)*6/4. Suppose n*w - 27 = -3*h, -2*w = 2*h + 3*h - 42. What is the units digit of h?
8
Let z(g) = 18*g - 6. What is the tens digit of z(2)?
3
What is the tens digit of (-2288)/(-55) - (-3)/(-5)?
4
Let g(r) = r**3 - 13*r**2 + r - 11. What is the units digit of g(13)?
2
Suppose -5*b + 150 = -5*a, -5*b = 7*a - 2*a + 180. Let p = a + 63. What is the units digit of p?
0
Let x(r) = r**3 + r**2 + r + 4. Let s be x(0). Suppose k = -s*k + 15. What is the units digit of k?
3
Suppose b = -b. Let v(k) be the third derivative of k**4/24 + 3*k**3/2 + k**2. What is the units digit of v(b)?
9
Let m = -10 + 17. Suppose m*d - 65 = 2*d. What is the tens digit of d?
1
Let c = 93 - 49. What is the tens digit of c?
4
Let f(x) = -12*x - 20. What is the units digit of f(-6)?
2
Let y(i) = -9*i + 10. What is the units digit of y(-8)?
2
Suppose -2*n - 3 = -107. What is the units digit of n?
2
Let v = -78 - -137. What is the tens digit of v?
5
Let x = -13 - -3. Let t = x - -13. What is the units digit of t?
3
Suppose -2*t = -4*x + 56, -3*t + 20 = 2*x - 2*t. Suppose 5*p = -6*y + 2*y + 36, 0 = -2*p - y + x. What is the tens digit of 189/15 + p/10?
1
Suppose 0 = 4*f + 1 - 9. What is the units digit of f?
2
Suppose 4*b + 2*l = 5*b + 7, -l - 4 = -3*b. What is the units digit of b?
3
Suppose -5*z + 91 = -4*o, -4*z + o - 2*o = -77. What is the tens digit of z?
1
Suppose -5*s + 11 = 1. Suppose -s*d - d + 12 = 0. What is the units digit of d?
4
Let q(p) = -p**3 + 4*p**2 - p + 4*p**3 + 0*p - 2*p**3. What is the units digit of q(-3)?
2
Let g(w) = 4*w**2 - 7*w + 10. What is the units digit of g(6)?
2
Let x(a) = 2*a**2 - 10*a + 34. What is the hundreds digit of x(10)?
1
Let o = 117 + -11. What is the hundreds digit of o?
1
Let a(q) = -2*q - 2*q**2 + 4 + 8*q + q**2. What is the units digit of a(5)?
9
Let l = -33 - -46. What is the tens digit of l?
1
What is the units digit of 1*3*(6 + -5 - -12)?
9
Let d = -4 + 8. Let p(s) = -s**3 - 6*s**2 - 5*s + 3. Let b be p(-5). Suppose d = b*z + z. What is the units digit of z?
1
Let b be (5 - 0)*(-3)/(-5). Suppose 0*p + b*p - 63 = 0. What is the tens digit of p?
2
Let v(l) = -l + 6. Let o be v(9). What is the tens digit of (11 - (-2 - o)) + 2?
1
Let a = -5 + 1. Let u be a/6 - (-26)/(-6). Let n = 14 + u. What is the units digit of n?
9
Let o(d) = -d**2 - 3*d + 1. Let h be o(-2). Suppose 5*w - 20 = 2*l + 66, 2*w - 23 = -h*l. What is the tens digit of w?
1
Let i(t) = t**3 + 8*t**2 - 2*t - 10. What is the units digit of i(-8)?
6
Let l be 0 + 3 - (-2)/2. Suppose l*q - 60 = -q. What 